{"version":"1.0","provider_name":"Psic\u00f3loga y psicoterapeuta cl\u00ednica","provider_url":"https:\/\/neusgarc-cp15.wordpresstemporal.com\/neusgarciaguerra.com","author_name":"admin","author_url":"https:\/\/neusgarc-cp15.wordpresstemporal.com\/neusgarciaguerra.com\/author\/admin\/","title":"Enfermar por vacaciones - Psic\u00f3loga y psicoterapeuta cl\u00ednica","type":"rich","width":600,"height":338,"html":"<blockquote class=\"wp-embedded-content\"><a href=\"https:\/\/neusgarc-cp15.wordpresstemporal.com\/neusgarciaguerra.com\/enfermar-por-vacaciones\/\">Enfermar por vacaciones<\/a><\/blockquote>\n<script type='text\/javascript'>\n<!--\/\/--><![CDATA[\/\/><!--\n\t\t\/*! This file is auto-generated *\/\n\t\t!function(d,l){\"use strict\";var e=!1,n=!1;if(l.querySelector)if(d.addEventListener)e=!0;if(d.wp=d.wp||{},!d.wp.receiveEmbedMessage)if(d.wp.receiveEmbedMessage=function(e){var t=e.data;if(t)if(t.secret||t.message||t.value)if(!\/[^a-zA-Z0-9]\/.test(t.secret)){for(var r,i,a,s=l.querySelectorAll('iframe[data-secret=\"'+t.secret+'\"]'),n=l.querySelectorAll('blockquote[data-secret=\"'+t.secret+'\"]'),o=new RegExp(\"^https?:$\",\"i\"),c=0;c<n.length;c++)n[c].style.display=\"none\";for(c=0;c<s.length;c++)if(r=s[c],e.source===r.contentWindow){if(r.removeAttribute(\"style\"),\"height\"===t.message){if(1e3<(a=parseInt(t.value,10)))a=1e3;else if(~~a<200)a=200;r.height=a}if(\"link\"===t.message)if(i=l.createElement(\"a\"),a=l.createElement(\"a\"),i.href=r.getAttribute(\"src\"),a.href=t.value,o.test(a.protocol))if(a.host===i.host)if(l.activeElement===r)d.top.location.href=t.value}}},e)d.addEventListener(\"message\",d.wp.receiveEmbedMessage,!1),l.addEventListener(\"DOMContentLoaded\",t,!1),d.addEventListener(\"load\",t,!1);function t(){if(!n){n=!0;for(var e,t,r=-1!==navigator.appVersion.indexOf(\"MSIE 10\"),i=!!navigator.userAgent.match(\/Trident.*rv:11\\.\/),a=l.querySelectorAll(\"iframe.wp-embedded-content\"),s=0;s<a.length;s++){if(!(e=a[s]).getAttribute(\"data-secret\"))t=Math.random().toString(36).substr(2,10),e.src+=\"#?secret=\"+t,e.setAttribute(\"data-secret\",t);if(r||i)(t=e.cloneNode(!0)).removeAttribute(\"security\"),e.parentNode.replaceChild(t,e)}}}}(window,document);\n\/\/--><!]]>\n<\/script><iframe sandbox=\"allow-scripts\" security=\"restricted\" src=\"https:\/\/neusgarc-cp15.wordpresstemporal.com\/neusgarciaguerra.com\/enfermar-por-vacaciones\/embed\/\" width=\"600\" height=\"338\" title=\"\u00abEnfermar por vacaciones\u00bb \u2014 Psic\u00f3loga y psicoterapeuta cl\u00ednica\" frameborder=\"0\" marginwidth=\"0\" marginheight=\"0\" scrolling=\"no\" class=\"wp-embedded-content\"><\/iframe>","thumbnail_url":"https:\/\/neusgarc-cp15.wordpresstemporal.com\/neusgarciaguerra.com\/wp-content\/uploads\/depresionvacaciones.jpg","thumbnail_width":2000,"thumbnail_height":600,"description":"Enfermar por vacaciones Empezar las vacaciones y ponerse enfermo es frecuente. \u00bfQu\u00e9 es lo que pasa? El hecho de vivir con un nivel alto de estr\u00e9s (situaci\u00f3n de tensi\u00f3n nerviosa prolongada, que puede alterar ciertas funciones del organismo), hace que cuando nos relajamos, se libere cortisol, que provoca una depresi\u00f3n del sistema inmunol\u00f3gico y eso [&hellip;]"}

Psicóloga y psicoterapeuta clínica

Enfermar por vacaciones - Psicóloga y psicoterapeuta clínica

<blockquote class="wp-embedded-content"><a href="https://neusgarc-cp15.wordpresstemporal.com/neusgarciaguerra.com/enfermar-por-vacaciones/">Enfermar por vacaciones</a></blockquote>
<script type='text/javascript'>
<!--//--><![CDATA[//><!--
		/*! This file is auto-generated */
		!function(d,l){"use strict";var e=!1,n=!1;if(l.querySelector)if(d.addEventListener)e=!0;if(d.wp=d.wp||{},!d.wp.receiveEmbedMessage)if(d.wp.receiveEmbedMessage=function(e){var t=e.data;if(t)if(t.secret||t.message||t.value)if(!/[^a-zA-Z0-9]/.test(t.secret)){for(var r,i,a,s=l.querySelectorAll('iframe[data-secret="'+t.secret+'"]'),n=l.querySelectorAll('blockquote[data-secret="'+t.secret+'"]'),o=new RegExp("^https?:$","i"),c=0;c<n.length;c++)n[c].style.display="none";for(c=0;c<s.length;c++)if(r=s[c],e.source===r.contentWindow){if(r.removeAttribute("style"),"height"===t.message){if(1e3<(a=parseInt(t.value,10)))a=1e3;else if(~~a<200)a=200;r.height=a}if("link"===t.message)if(i=l.createElement("a"),a=l.createElement("a"),i.href=r.getAttribute("src"),a.href=t.value,o.test(a.protocol))if(a.host===i.host)if(l.activeElement===r)d.top.location.href=t.value}}},e)d.addEventListener("message",d.wp.receiveEmbedMessage,!1),l.addEventListener("DOMContentLoaded",t,!1),d.addEventListener("load",t,!1);function t(){if(!n){n=!0;for(var e,t,r=-1!==navigator.appVersion.indexOf("MSIE 10"),i=!!navigator.userAgent.match(/Trident.*rv:11\./),a=l.querySelectorAll("iframe.wp-embedded-content"),s=0;s<a.length;s++){if(!(e=a[s]).getAttribute("data-secret"))t=Math.random().toString(36).substr(2,10),e.src+="#?secret="+t,e.setAttribute("data-secret",t);if(r||i)(t=e.cloneNode(!0)).removeAttribute("security"),e.parentNode.replaceChild(t,e)}}}}(window,document);
//--><!]]>
</script><iframe sandbox="allow-scripts" security="restricted" src="https://neusgarc-cp15.wordpresstemporal.com/neusgarciaguerra.com/enfermar-por-vacaciones/embed/" width="600" height="338" title="«Enfermar por vacaciones» — Psicóloga y psicoterapeuta clínica" frameborder="0" marginwidth="0" marginheight="0" scrolling="no" class="wp-embedded-content"></iframe>

Enfermar por vacaciones Empezar las vacaciones y ponerse enfermo es frecuente. ¿Qué es lo que pasa? El hecho de vivir con un nivel alto de estrés (situación de tensión nerviosa prolongada, que puede alterar ciertas funciones del organismo), hace que cuando nos relajamos, se libere cortisol, que provoca una depresión del sistema inmunológico y eso [&hellip;]
